{"id":1609,"date":"2025-10-10T17:03:21","date_gmt":"2025-10-10T17:03:21","guid":{"rendered":"https:\/\/www.naturatellae.com\/?page_id=1609"},"modified":"2025-11-06T05:27:56","modified_gmt":"2025-11-06T05:27:56","slug":"hebergeurs-touristiques","status":"publish","type":"page","link":"https:\/\/www.naturatellae.com\/?page_id=1609","title":{"rendered":"HEBERGEURS TOURISTIQUES"},"content":{"rendered":"\n<p class=\"has-text-color has-link-color wp-elements-4228caf4c214e48dd0f8a35d0b6ac931\" style=\"color:#b207c2\"><em>Offrez \u00e0 vos clients une immersion nature inoubliable dans le Morvan ! Balades p\u00e9dagogiques, ateliers d\u2019observation et temps de bien-\u00eatre adapt\u00e9s \u00e0 tous les \u00e2ges. Je vous accompagne de la pr\u00e9paration \u00e0 la r\u00e9alisation de votre projet, avec des animations sur-mesure ou des outils cl\u00e9s en main pour exploiter une sortie sur votre terrain ou \u00e0 proximit\u00e9. Tarifs groupes et partenariats possibles.<\/em><\/p>\n\n\n\n<h2 class=\"wp-block-heading has-text-color has-link-color wp-elements-2b2fa704d6d78af918e2a78ec54c6c1e\" style=\"color:#b207c2\">Valoriser votre engagement \u00e9cologique<\/h2>\n\n\n\n<p>Educatrice \u00e0 l&rsquo;environnement et charg\u00e9e de d\u00e9veloppement Territoire dans une structure co-g\u00e9r\u00e9e pendant plus de 10 ans, je vous propose d&rsquo;intervenir \u00e0 diff\u00e9rents niveaux pour int\u00e9grer ou valoriser la transition \u00e9cologique dans votre h\u00e9bergement<\/p>\n\n\n\n<ul class=\"wp-block-list\">\n<li><strong>Identifier le potentiel d&rsquo;animation nature sur votre site <\/strong><\/li>\n\n\n\n<li><strong>Valoriser votre d\u00e9marche de transition \u00e9cologique engag\u00e9e <\/strong><\/li>\n\n\n\n<li><strong>Elaborer un programme d&rsquo;animation pour la d\u00e9couverte de vos espaces et des alentours <\/strong><\/li>\n\n\n\n<li><strong>Construire une formation-action sp\u00e9cifique<\/strong> selon les besoins identifi\u00e9s pour vous et vos \u00e9quipes<\/li>\n\n\n\n<li><strong>Animer des s\u00e9ances<\/strong> <strong>d\u00e9couvertes <\/strong>avec vos publics pour donner l&rsquo;envie et communiquer<\/li>\n\n\n\n<li><strong>Partager des savoirs-faire avec les salari\u00e9s<\/strong> et d\u00e9velopper vos actions en faveur de l&rsquo;environnement<\/li>\n\n\n\n<li><strong>Construire un outil p\u00e9dagogique <\/strong>correspondant \u00e0 votre site et au cadre d\u00e9fini conjointement<\/li>\n<\/ul>\n\n\n\n<h2 class=\"wp-block-heading has-white-background-color has-text-color has-background has-link-color wp-elements-89e2cf237fca05a0001ebb9310107820\" style=\"color:#b207c2\">Animer des balades et des<strong> <\/strong>ateliers sur votre site<\/h2>\n\n\n\n<p>En tant qu&rsquo;accompagnatrice en \u00e9cotourisme, j&rsquo;organise des exp\u00e9riences touristiques respectueuses de l&rsquo;environnement en conduisant mes sorties en milieu naturel tout en sensibilisant \u00e0 la protection de l&rsquo;environnement.<\/p>\n\n\n\n<p>Je propose des activit\u00e9s \u00e9ducatives pour d\u00e9couvrir la faune et la flore locales tout en assurant la s\u00e9curit\u00e9 des participants durant les excursions. <\/p>\n\n\n\n<p>Je participe \u00e0 la cr\u00e9ation de contenu p\u00e9dagogique sur la biodiversit\u00e9 et l&rsquo;\u00e9cosyst\u00e8me local et, \u00e0 ce titre, je  contribue \u00e0 la promotion du tourisme durable dans notre r\u00e9gion. <\/p>\n\n\n\n<p>Enfin, convaincue de l&rsquo;importance du r\u00e9seau et de l&rsquo;assemblage de comp\u00e9tences, je d\u00e9veloppe des partenariats avec des acteurs locaux pour enrichir l&rsquo;offre \u00e9cotouristique dans le nord du Morvan. <\/p>\n\n\n\n<p><a href=\"https:\/\/www.naturatellae.com\/?page_id=1207\">ANIMATIONS NATURE<\/a><\/p>\n\n\n\n<p><a href=\"https:\/\/www.naturatellae.com\/?page_id=1635#page-content\">BALADES CLES EN MAIN \u2013 Natura Tellae<\/a><\/p>\n\n\n\n<h2 class=\"wp-block-heading has-text-color has-link-color wp-elements-4050db5f9bb4554558ca857fedf341b4\" style=\"color:#b207c2\">Nouer un partenariat <\/h2>\n\n\n\n<p>Sur votre recommandation, je fais b\u00e9n\u00e9ficier d&rsquo;une r\u00e9duction aux participants \u00e0 mes balades&#8230;<\/p>\n\n\n\n<p>En \u00e9change, je m&rsquo;engage \u00e0 inviter mes contacts \u00e0 prendre attache avec vous pour trouver o\u00f9 se loger!<\/p>\n\n\n\n<figure class=\"wp-block-gallery has-nested-images columns-default is-cropped wp-block-gallery-1 is-layout-flex wp-block-gallery-is-layout-flex\">\n<figure class=\"wp-block-image size-large\"><img loading=\"lazy\" decoding=\"async\" width=\"1024\" height=\"768\" data-id=\"1610\" src=\"https:\/\/www.naturatellae.com\/wp-content\/uploads\/2025\/10\/20240821_120201-1024x768.jpg\" alt=\"\" class=\"wp-image-1610\" srcset=\"https:\/\/www.naturatellae.com\/wp-content\/uploads\/2025\/10\/20240821_120201-1024x768.jpg 1024w, https:\/\/www.naturatellae.com\/wp-content\/uploads\/2025\/10\/20240821_120201-300x225.jpg 300w, https:\/\/www.naturatellae.com\/wp-content\/uploads\/2025\/10\/20240821_120201-768x576.jpg 768w, https:\/\/www.naturatellae.com\/wp-content\/uploads\/2025\/10\/20240821_120201-1536x1152.jpg 1536w, https:\/\/www.naturatellae.com\/wp-content\/uploads\/2025\/10\/20240821_120201-2048x1536.jpg 2048w, https:\/\/www.naturatellae.com\/wp-content\/uploads\/2025\/10\/20240821_120201-1440x1080.jpg 1440w\" sizes=\"auto, (max-width: 1024px) 100vw, 1024px\" \/><\/figure>\n<\/figure>\n\n\n\n<p><\/p>\n","protected":false},"excerpt":{"rendered":"<p>Offrez \u00e0 vos clients une immersion nature inoubliable dans le Morvan ! Balades p\u00e9dagogiques, ateliers d\u2019observation et temps de bien-\u00eatre adapt\u00e9s \u00e0 tous les \u00e2ges. Je vous accompagne de la pr\u00e9paration \u00e0 la r\u00e9alisation de votre projet, avec des animations sur-mesure ou des outils cl\u00e9s en main pour exploiter une sortie sur votre terrain ou&hellip; <br \/> <a class=\"button small blue\" href=\"https:\/\/www.naturatellae.com\/?page_id=1609\">Lire la suite<\/a><\/p>\n","protected":false},"author":1,"featured_media":0,"parent":0,"menu_order":0,"comment_status":"closed","ping_status":"closed","template":"","meta":{"footnotes":""},"class_list":["post-1609","page","type-page","status-publish","hentry"],"_links":{"self":[{"href":"https:\/\/www.naturatellae.com\/index.php?rest_route=\/wp\/v2\/pages\/1609","targetHints":{"allow":["GET"]}}],"collection":[{"href":"https:\/\/www.naturatellae.com\/index.php?rest_route=\/wp\/v2\/pages"}],"about":[{"href":"https:\/\/www.naturatellae.com\/index.php?rest_route=\/wp\/v2\/types\/page"}],"author":[{"embeddable":true,"href":"https:\/\/www.naturatellae.com\/index.php?rest_route=\/wp\/v2\/users\/1"}],"replies":[{"embeddable":true,"href":"https:\/\/www.naturatellae.com\/index.php?rest_route=%2Fwp%2Fv2%2Fcomments&post=1609"}],"version-history":[{"count":11,"href":"https:\/\/www.naturatellae.com\/index.php?rest_route=\/wp\/v2\/pages\/1609\/revisions"}],"predecessor-version":[{"id":1947,"href":"https:\/\/www.naturatellae.com\/index.php?rest_route=\/wp\/v2\/pages\/1609\/revisions\/1947"}],"wp:attachment":[{"href":"https:\/\/www.naturatellae.com\/index.php?rest_route=%2Fwp%2Fv2%2Fmedia&parent=1609"}],"curies":[{"name":"wp","href":"https:\/\/api.w.org\/{rel}","templated":true}]}}

<p class="has-text-color has-link-color wp-elements-4228caf4c214e48dd0f8a35d0b6ac931" style="color:#b207c2"><em>Offrez à vos clients une immersion nature inoubliable dans le Morvan ! Balades pédagogiques, ateliers d’observation et temps de bien-être adaptés à tous les âges. Je vous accompagne de la préparation à la réalisation de votre projet, avec des animations sur-mesure ou des outils clés en main pour exploiter une sortie sur votre terrain ou à proximité. Tarifs groupes et partenariats possibles.</em></p>



<h2 class="wp-block-heading has-text-color has-link-color wp-elements-2b2fa704d6d78af918e2a78ec54c6c1e" style="color:#b207c2">Valoriser votre engagement écologique</h2>



<p>Educatrice à l&rsquo;environnement et chargée de développement Territoire dans une structure co-gérée pendant plus de 10 ans, je vous propose d&rsquo;intervenir à différents niveaux pour intégrer ou valoriser la transition écologique dans votre hébergement</p>



<ul class="wp-block-list">
<li><strong>Identifier le potentiel d&rsquo;animation nature sur votre site </strong></li>



<li><strong>Valoriser votre démarche de transition écologique engagée </strong></li>



<li><strong>Elaborer un programme d&rsquo;animation pour la découverte de vos espaces et des alentours </strong></li>



<li><strong>Construire une formation-action spécifique</strong> selon les besoins identifiés pour vous et vos équipes</li>



<li><strong>Animer des séances</strong> <strong>découvertes </strong>avec vos publics pour donner l&rsquo;envie et communiquer</li>



<li><strong>Partager des savoirs-faire avec les salariés</strong> et développer vos actions en faveur de l&rsquo;environnement</li>



<li><strong>Construire un outil pédagogique </strong>correspondant à votre site et au cadre défini conjointement</li>
</ul>



<h2 class="wp-block-heading has-white-background-color has-text-color has-background has-link-color wp-elements-89e2cf237fca05a0001ebb9310107820" style="color:#b207c2">Animer des balades et des<strong> </strong>ateliers sur votre site</h2>



<p>En tant qu&rsquo;accompagnatrice en écotourisme, j&rsquo;organise des expériences touristiques respectueuses de l&rsquo;environnement en conduisant mes sorties en milieu naturel tout en sensibilisant à la protection de l&rsquo;environnement.</p>



<p>Je propose des activités éducatives pour découvrir la faune et la flore locales tout en assurant la sécurité des participants durant les excursions. </p>



<p>Je participe à la création de contenu pédagogique sur la biodiversité et l&rsquo;écosystème local et, à ce titre, je  contribue à la promotion du tourisme durable dans notre région. </p>



<p>Enfin, convaincue de l&rsquo;importance du réseau et de l&rsquo;assemblage de compétences, je développe des partenariats avec des acteurs locaux pour enrichir l&rsquo;offre écotouristique dans le nord du Morvan. </p>



<p><a href="https://www.naturatellae.com/?page_id=1207">ANIMATIONS NATURE</a></p>



<p><a href="https://www.naturatellae.com/?page_id=1635#page-content">BALADES CLES EN MAIN – Natura Tellae</a></p>



<h2 class="wp-block-heading has-text-color has-link-color wp-elements-4050db5f9bb4554558ca857fedf341b4" style="color:#b207c2">Nouer un partenariat </h2>



<p>Sur votre recommandation, je fais bénéficier d&rsquo;une réduction aux participants à mes balades&#8230;</p>



<p>En échange, je m&rsquo;engage à inviter mes contacts à prendre attache avec vous pour trouver où se loger!</p>



<figure class="wp-block-gallery has-nested-images columns-default is-cropped wp-block-gallery-1 is-layout-flex wp-block-gallery-is-layout-flex">
<figure class="wp-block-image size-large"><img loading="lazy" decoding="async" width="1024" height="768" data-id="1610" src="https://www.naturatellae.com/wp-content/uploads/2025/10/20240821_120201-1024x768.jpg" alt="" class="wp-image-1610" srcset="https://www.naturatellae.com/wp-content/uploads/2025/10/20240821_120201-1024x768.jpg 1024w, https://www.naturatellae.com/wp-content/uploads/2025/10/20240821_120201-300x225.jpg 300w, https://www.naturatellae.com/wp-content/uploads/2025/10/20240821_120201-768x576.jpg 768w, https://www.naturatellae.com/wp-content/uploads/2025/10/20240821_120201-1536x1152.jpg 1536w, https://www.naturatellae.com/wp-content/uploads/2025/10/20240821_120201-2048x1536.jpg 2048w, https://www.naturatellae.com/wp-content/uploads/2025/10/20240821_120201-1440x1080.jpg 1440w" sizes="auto, (max-width: 1024px) 100vw, 1024px" /></figure>
</figure>



<p></p>

<p>Offrez à vos clients une immersion nature inoubliable dans le Morvan ! Balades pédagogiques, ateliers d’observation et temps de bien-être adaptés à tous les âges. Je vous accompagne de la préparation à la réalisation de votre projet, avec des animations sur-mesure ou des outils clés en main pour exploiter une sortie sur votre terrain ou&hellip; <br /> <a class="button small blue" href="https://www.naturatellae.com/?page_id=1609">Lire la suite</a></p>
